*3 + 16*w**2 + 14*w - 17. Let g be u(-15). Let z = g - -34. What is the greatest common divisor of z and 16?
16
Suppose -2*g - 112 = -10*g. Suppose 9*d - g*d + 45 = 0. Let z be (1/(-2))/(2/(-72)). What is the greatest common factor of d and z?
9
Let r be 188*((-45)/(-84) + (-10)/35). Let b = r + 29. Suppose 0 = 2*p - 11 - 27. What is the highest common factor of p and b?
19
Suppose 0 = 10*i - 744 + 144. Let o = 2 + 22. What is the highest common divisor of o and i?
12
Let t be 2 + -3 - -579 - (-1 + 3). What is the greatest common factor of t and 9?
9
Let n be 4/(4*(-2)/(-6)). Suppose 0 = -3*q + 33 + n. What is the highest common factor of 30 and q?
6
Let h(a) = -296*a - 1. Let l be h(-4). Let o be -1*(-3 - -1) + l/7. Calculate the highest common divisor of o and 19.
19
Let i = 653 - 649. Calculate the greatest common factor of 428 and i.
4
Suppose 59*p - 1199 = 4111. What is the highest common factor of 36 and p?
18
Let b(v) = -13*v + 27. Let d be b(2). Let c be (d/1 - 5)/((-1)/3). Calculate the greatest common factor of 108 and c.
12
Let y be 800/(-30)*(-18)/4. What is the highest common divisor of y and 36?
12
Let d be (-1)/((-66)/3684) - (-4)/22. What is the highest common divisor of d and 84?
28
Let q = -1613 + 1725. What is the highest common factor of q and 56?
56
Let f = -226 - -83. Let l = 243 + f. What is the highest common divisor of l and 40?
20
Let d(b) = 13*b**3 + 3*b - 8. Let q be d(2). Calculate the greatest common divisor of q and 30.
6
Suppose 2*p + 11*q = 6*q + 17, 2*q = 6. What is the greatest common factor of 8 and p?
1
Let d be 2/(-18)*3*-12. Suppose 0 = 4*g - 5*c - 64, 2*g + 2*g + d*c - 28 = 0. What is the highest common factor of g and 88?
11
Let t = -224 - -280. What is the highest common factor of 16 and t?
8
Suppose -3*z = 11 - 50. Suppose 304 = 2*l - 4*k, -3*k + 5 = -4. Let p = -93 + l. What is the highest common factor of p and z?
13
Let v(q) = -5*q - 81. Let c be v(-19). What is the greatest common divisor of c and 14?
14
Let u be -2 - -3 - (-3 + 2). Suppose -2*n - u*r = -204, 35 = 3*n + r - 263. Calculate the greatest common divisor of n and 14.
14
Let i be ((-2)/(-6))/(1/6). Suppose -2*a = -i - 6. Suppose -a*z + 2*z = -66. What is the highest common divisor of z and 11?
11
Let x be 576/22 + 4/(-22). Suppose 100 = -28*n + 24*n. Let d = x + n. What is the greatest common factor of 4 and d?
1
Suppose 23 = -5*m + 33. Let v be 616/28 + (m + 0)/(-2). What is the greatest common factor of 21 and v?
21
Let y(v) = 6*v**2 - 27*v - 108. Let u be y(13). Calculate the highest common divisor of 15 and u.
15
Suppose -2*z - 6 = l - 0*z, -l - 6 = -4*z. Let p be l*(-27)/12*(-17 + 19). Calculate the greatest common factor of p and 81.
27
Suppose -4*x = 7*t - 2*t - 30, 15 = x + 5*t. Suppose x*k + 46 = -d + 3*d, -2*d - 2*k + 18 = 0. What is the greatest common factor of 104 and d?
13
Let o = -5 - -1. Let q(b) = -5*b - 6. Let d be q(o). Let r(h) = -h**2 + 17*h. Let g be r(d). What is the highest common factor of g and 6?
6
Suppose 66*h = 72*h - 990. Calculate the highest common divisor of h and 135.
15
Let d be 2952/40 + 2/10. Let v = -11 + d. Calculate the highest common divisor of v and 21.
21
Let z(k) = -k + 9. Let s be z(7). Let x be (11 - s/1) + 1. Let b(d) = 17*d**2 + 23*d + 26. Let t be b(-3). What is the greatest common divisor of x and t?
10
Suppose q = 2*q - 14. Let f(i) = 23*i + 6. Suppose 4*x = -2*x + 24. Let u be f(x). What is the greatest common factor of q and u?
14
Let a(c) = 291*c + 81. Let p be a(7). What is the greatest common divisor of p and 6?
6
Let a(r) = 2*r**2 + 23*r - 7. Let s be a(-13). Suppose 4*p = -5*y + 80, p = -4*y + 6*p + 64. What is the greatest common factor of y and s?
16
Suppose -j - 6 = -10. Suppose 4*b - 5*k = 19, 0 = -4*b + 6*k - j*k + 34. Suppose 0 = -o + 3*o - 44. What is the highest common factor of b and o?
11
Let s(k) be the first derivative of 8/3*k**3 + 5 + 4*k**2 - 1/4*k**4 + 6*k. Let t be s(8). Calculate the highest common divisor of 28 and t.
14
Suppose 5*c = 3*z + 347, -c + 69 = -2*z + z. Suppose 340 - 300 = 4*y. Calculate the greatest common factor of y and c.
10
Let i be (-49)/7*60/14. Let q be -2 - (i + (-3 - -5)). What is the highest common factor of q and 182?
26
Let f(a) = -21*a - 9. Let k be f(-2). What is the greatest common factor of 88 and k?
11
Let g(x) = -x**3 + 8*x**2 - 4*x - 8. Let o be g(6). Let c = o + 50. Suppose 8*i = -6*i + 140. What is the highest common divisor of i and c?
10
Let p be 134/(108/20 - 5). What is the greatest common divisor of 134 and p?
67
Let w be (-4)/16 + (-42)/(-8) + 0. Let p be (w/((-25)/20))/((-2)/7). Calculate the highest common divisor of p and 1.
1
Let u = 44 + 10. What is the highest common factor of 216 and u?
54
Suppose -37*c = -7*c - 150. Calculate the highest common divisor of c and 655.
5
Let d be (36 - -1) + (-1 - 0). Let q(r) = 598*r + 18. Let c be q(0). Calculate the highest common factor of d and c.
18
Let j = -17 - -9. Let p = -2 - j. Let u be 1 - 4/((-8)/p). What is the highest common divisor of 1 and u?
1
Suppose -16*w - 270 = -21*w. Suppose 5*a = -4*y + 82, 5*a - w - 38 = y. What is the greatest common factor of 162 and a?
18
Suppose -14*t + 20 = -12*t. Suppose -4*l + 13 + 147 = 4*u, -t = 5*l. What is the greatest common divisor of 70 and u?
14
Let a be ((-23560)/93)/((-6)/9). Calculate the highest common factor of 95 and a.
95
Suppose -l + 3*l - 10 = 0. Suppose -5*c = -2*s - s + 17, -s - l*c = -19. Suppose 7*g = s*g - 60. What is the greatest common divisor of g and 12?
6
Let v be (96/40)/((-3)/(-60)*6). Suppose -h + 18 + 14 = 0. Calculate the greatest common factor of v and h.
8
Suppose 3650 = 5*c + 1285. Calculate the highest common divisor of c and 43.
43
Suppose 0 = 3*k + k, i - k = 2. Let a be 14 - i*(-4)/(-8). Calculate the greatest common divisor of a and 52.
13
Suppose 6*y + 128 = -2*y. Let x(u) = u**3 + 16*u**2 - 2*u - 21. Let t be x(y). What is the greatest common factor of t and 55?
11
Let q = -18 - -26. Suppose q + 1 = 3*s. Suppose 4*a - 2*z = 2*z + 100, s*a - 57 = -3*z. Calculate the highest common divisor of a and 2.
2
Let q(k) = 3*k - 22. Let m be q(11). Let l be (-398)/(-2) + (8 - m). Suppose 0 = -7*x + 3*x + l. What is the greatest common factor of 7 and x?
7
Let n(f) = -3*f**3 - 3*f**2 + f + 2. Let x = -27 - -25. Let h be n(x). Let i be 2526/h + (-1)/2. What is the highest common factor of 30 and i?
30
Let d = 1 - 1. Suppose 4*t - 16 = -12. Let q be (-24 - d)/(-2) - t. Calculate the highest common divisor of 11 and q.
11
Let f be 7/2*8/14. Suppose f = -3*l + 11. Let w be 200/12 - 2/l. Calculate the highest common factor of 176 and w.
16
Let k(a) = -a**3 + 4*a**2 + 86*a - 397. Let b be k(5). Suppose 0 = w - 2*v + 2, 5*w - 3*v = 25. Calculate the highest common factor of b and w.
8
Suppose -2*s - 26 = -2*n - 7*s, -3*n + 3*s = -39. Let j be 1 + n + -2 + 2. Let g = 303 - 247. What is the highest common divisor of j and g?
14
Let p be (-1 + 6 + -3)/(4/136). Let m = 29 - 12. What is the highest common divisor of p and m?
17
Let n(r) = -6 - r - r + r + 16. Let z be n(-5). Let t(v) = 3*v + 3. Let q be t(4). What is the greatest common divisor of z and q?
15
Let k(f) = 11*f + 6. Suppose 4*p + 59 = 4*t - 1, 0 = -4*t + 2*p + 50. Let n be k(t). What is the highest common factor of 58 and n?
58
Let u be ((-9)/((-45)/(-110)))/(-2). Suppose 2*r - u = -1. Suppose 2*q + k = 50, 4*q - r*k - 65 = 49. What is the highest common divisor of q and 130?
26
Suppose 3*m + 2*m = -25, 4*m + 95 = n. Let l be ((-35)/(-15))/(1/n). Calculate the greatest common divisor of l and 70.
35
Suppose -3*s = 9, 10*s - 2 = -2*t + 6*s. Suppose t*x + 128 = 11*x. Calculate the greatest common divisor of 16 and x.
16
Suppose 3*f = -40*f + 1935. Suppose 4*z - 192 = -d - 0*d, 3*d + 5*z - 555 = 0. What is the highest common divisor of d and f?
45
Let g(l) = -l**2 - 12*l + 6. Let q be g(-10). Let b(h) = h**3 - 25*h**2 - 25*h - 13. Let c be b(26). What is the greatest common divisor of q and c?
13
Let t be -4*(-2)/32*-10*2. Let l(a) = -a**2 - 9*a - 4. Let k be l(t). Suppose -4*p + 311 = -9. What is the highest common factor of k and p?
16
Let y = -12 - -2. Let c be 8/(-10)*y/(-4). Let k be 5/((-4 + 2)/c). What is the highest common factor of k and 45?
5